). Let y be (55/k)/(1/(-22)). Calculate the greatest common divisor of x and y.
11
Let s = -61 - -106. Calculate the highest common divisor of 405 and s.
45
Let m be 8/(-5)*15/(-2). Let z = 53 + -35. Calculate the highest common divisor of m and z.
6
Suppose -4*r + 4*b - 28 = 0, 0*r + 4*b - 22 = r. Let t be 6/r + (17 - 0). Calculate the greatest common factor of t and 98.
14
Let h = 292 + -175. Let q be 104/12*3/2. What is the greatest common factor of q and h?
13
Let f be (3 + -1*1)*765/51. What is the greatest common factor of f and 75?
15
Let o(j) = j**3 - j**2 - j + 7. Let s be o(0). Let w = s + 5. What is the highest common factor of 12 and w?
12
Suppose 5*a = -5*g + 50, 0 = 4*a + 3*g - 8*g - 4. Calculate the greatest common factor of 9 and a.
3
Let r be 93/7 - 2/7. Let k be (8/20)/((-1)/(-10)). Suppose 4*a + r = x, x - 2*a = k*x - 67. What is the highest common divisor of 147 and x?
21
Suppose 0 = -4*q - 3*z + 68, 4*z + 41 + 35 = 3*q. What is the greatest common factor of 50 and q?
10
Suppose -2*n + 4 + 2 = 0. Let v be 2 - -1 - (-6)/n. Suppose -5*o - z + 12 = 3*z, v*o = 3*z + 26. What is the highest common divisor of 20 and o?
4
Suppose -4*t - 73 = c, -3*c + 0*c - 49 = 2*t. Let b = t + 9. Let u be ((-9)/(-3) + b)*-14. What is the greatest common divisor of 14 and u?
14
Suppose 3*v - 6*v = 0. Suppose v*a + 8 = a + 3*i, -2 = -i. Let p be a/(-8) + 53/4. What is the greatest common divisor of 104 and p?
13
Let o be (0 + -15)/((-8)/24). What is the greatest common factor of o and 9?
9
Let u be (4 - -3)/(1/2). What is the greatest common factor of u and 14?
14
Let s be 1156/18 + 0 + 10/(-45). What is the greatest common factor of 96 and s?
32
Suppose -2*c + 3*f = -216, -26 = 3*c + 5*f - 350. Let a(o) = -7*o + 4. Let y be a(4). Let k = y - -36. Calculate the highest common divisor of k and c.
12
Let a be (38/(-8)*2)/((-7)/14). Let f be ((-278)/6)/(2/(-6)). Suppose 5*t - 124 = -2*j, -4*j = 4*t - f - 97. What is the highest common divisor of j and a?
19
Suppose 2*o = o. Let m be 2 + 0 + o + 0. Suppose m*n + 2*h + 2 - 24 = 0, -17 = -4*n + 5*h. Calculate the greatest common factor of n and 8.
8
Suppose 2*q - 2*m - 14 = 0, -4*q - m - m + 22 = 0. What is the highest common factor of 36 and q?
6
Suppose -36*y + 55 = -31*y. What is the highest common factor of 99 and y?
11
Suppose 5*q = 4*y + 608, 4*y + 28 + 340 = 3*q. What is the highest common factor of 15 and q?
15
Suppose 2 = l + 5*h - 15, -4*l + 86 = 2*h. Suppose 0*s - 837 = -3*s. Suppose -s + 4 = -5*p. What is the greatest common divisor of p and l?
11
Let r(l) = l + 7. Let a be r(-6). Suppose 3*j + 52 = -j. Let s be a - -2 - (j - 0). Calculate the greatest common factor of s and 128.
16
Suppose -3*f - 2 + 26 = 0. Calculate the highest common factor of f and 8.
8
Let o(u) = -6*u**3 + 2*u**2 - 2. Let f be o(-2). Let c = 25 - 7. What is the greatest common divisor of c and f?
18
Let j be 22/8 - 3/(-12). Suppose -1 = -f - j. Let n be 1/(f/(-38))*6. What is the greatest common factor of 19 and n?
19
Suppose 0 = -2*i - 4, 2*i - 2 = r - 2*r. Suppose 2*x = -62 + r. Let h = -13 - x. Calculate the highest common factor of 15 and h.
15
Let i(x) = 3*x**2 + 3*x - 2. Let l be i(-3). What is the highest common factor of 176 and l?
16
Suppose -18 - 2 = -4*d. Let o be (-1612)/(-10) - 1/d. Let n = o + -35. Calculate the highest common divisor of 18 and n.
18
Suppose 0 = -2*k + 119 - 31. Let g = -7 - 1. Let w = g + 19. What is the greatest common divisor of k and w?
11
Let b(c) = -c**3 + 2*c**2 + 7*c + 4. Let g = 16 + -25. Let i = g - -4. Let f be b(i). Calculate the highest common factor of f and 16.
16
Let u(v) = -v**3 - 6*v**2 - 5*v + 4. Let x be u(-7). Calculate the highest common divisor of x and 22.
22
Suppose n - 4*d = -2*n + 62, 4*n - 108 = -d. Let r be (1 + -4)/(3/(-31)). Let u = 44 - r. What is the greatest common divisor of n and u?
13
Let m be 32/3 + (-10)/15. Suppose 0 = 5*h - m. What is the highest common divisor of h and 22?
2
Suppose -4*c = 2*h - 0*h - 8, 2*h + 2*c = 14. Let p = 10 + h. Let k = 3 + 5. What is the highest common divisor of p and k?
4
Let m(h) = -h**2 + 9*h + 6. Let i be m(9). Let y be -6*((-16)/i + 2). Let v(d) = d + 2. Let k be v(y). What is the highest common divisor of k and 2?
2
Suppose 2*p + m - 1653 = -3*p, -p + 315 = -5*m. Calculate the greatest common factor of p and 30.
30
Let k(x) = 4*x - 6. Let o(g) = g. Let l(n) = -k(n) + 2*o(n). Let d be l(-5). What is the highest common divisor of 4 and d?
4
Let p(o) = -3*o**2 - 7*o - 1. Let y be p(7). Let s = 399 + y. Suppose 4*b = 3*k + s, 5*k = 2*b - 4*b + 88. What is the highest common factor of b and 7?
7
Let o = 44 + -43. What is the greatest common factor of o and 7?
1
Suppose -4*x = -2*f - 20, -x + 0*x + 5 = f. Suppose f = 4*h - 3*a - 464, -5*a - 78 - 140 = -2*h. What is the greatest common divisor of 17 and h?
17
Let h be -20*(-12)/18*3. Calculate the highest common factor of 32 and h.
8
Let a be -1 + 1 + 3/1. Suppose a*v - 5*j - 45 = 0, -2*v + 2*j + 30 = 5*j. Calculate the highest common factor of 120 and v.
15
Let y = -40 + 175. Calculate the greatest common factor of 15 and y.
15
Let l(i) = i**3 + i + 5. Let v be l(0). Suppose v*d - 17 + 2 = 0. What is the highest common divisor of 27 and d?
3
Suppose -3*c - 4*l + 126 = -0*l, 5*c - 210 = -5*l. Let v(u) = 2*u**3 - u**2 + u. Let m be v(2). What is the highest common divisor of c and m?
14
Suppose -5*j = -2*j. Suppose -3*u - 2*p + 0*p + 48 = j, -4*u = -3*p - 47. What is the highest common divisor of u and 2?
2
Let s be 3*(-95)/30*-2. Calculate the highest common factor of s and 133.
19
Suppose -2*c = -3*i + 1072, 0 = -3*i + c + 3*c + 1076. Let p = -230 + i. Let m be 3*42/(-27)*-3. What is the greatest common factor of m and p?
14
Let g(v) = 81 - 3*v**2 - v**2 + 5*v**2. Let i be g(0). Calculate the greatest common factor of 9 and i.
9
Let o(g) = -5*g + 6. Let c be o(-7). Suppose -5*r + 59 = -c. What is the highest common factor of r and 220?
20
Let n = -20 - -55. What is the greatest common factor of 140 and n?
35
Let m = 5 + 0. Let v(z) = -z**2 + 3*z + 5. Let y be v(4). Let p be 22 + 4/2 + y. What is the greatest common divisor of p and m?
5
Let w(i) = 29*i - 1. Let b be w(2). Let v = b + 64. Suppose 2*y + 22 = 4*y. What is the highest common divisor of v and y?
11
Suppose -4*y + 80 = 5*a, 2*y + 0*y = 4*a - 38. Let t be (a/5)/(9/240). Let u be t - (-1 + 4/2). Calculate the greatest common factor of u and 7.
7
Suppose -28*o = -31*o + 66. Let s be 3/1*2/3. What is the greatest common divisor of s and o?
2
Let t(b) = -b**2 + 2*b + 19. Let j be t(0). Calculate the highest common factor of 95 and j.
19
Let u = -13 + 28. Calculate the highest common factor of 15 and u.
15
Let f(a) = -8*a + a**2 + 7 - 7 + 1. Let l be f(9). What is the greatest common factor of l and 80?
10
Let u(t) = -14*t - 1. Let q be u(-5). Let f be (-50)/(0 - 1) + -4. Calculate the greatest common factor of f and q.
23
Let d = -41 - -68. Calculate the greatest common divisor of 18 and d.
9
Suppose -4*v + 2*g + 2*g = -28, 2*v = 4*g + 24. Suppose -j = j - v. Suppose 0 = 2*c - j - 3. What is the highest common divisor of c and 2?
2
Suppose 2*t - 2*s = 78, -161 = -4*t + s + 2*s. Calculate the greatest common factor of t and 4.
4
Suppose 104 + 76 = 2*v. Calculate the highest common divisor of 30 and v.
30
Let i be (-178)/(-3 - -1) + -1. Suppose 12*x - 149 + 17 = 0. Calculate the greatest common factor of x and i.
11
Let f(x) = x**2 - 1. Let p be f(-2). Suppose -10 = s - p*s - 2*o, -4*o - 10 = s. Calculate the greatest common divisor of 10 and s.
10
Let z = 4 - 2. Suppose 430 = 4*y - 2*o, y + 4*o - 306 = -z*y. Suppose 2*l = 3*f - y, 5*f = -0*l + 3*l + 177. Calculate the greatest common factor of f and 4.
4
Suppose -2*u = -5*j + 20 - 7, 2*j - 11 = -5*u. What is the highest common divisor of u and 4?
1
Let t be ((-70)/(-42))/((-2)/(-24)). Calculate the highest common factor of 30 and t.
10
Let v(u) = -u + 3. Let p be v(6). Let y be p*2/(-6)*4. Suppose 2*k + y = 0, -k - 3*k - 72 = -4*b. Calculate the highest common factor of b and 128.
16
Let d(y) = 2*y**2 - 2*y + 1. Let a be d(-2). Let z be 1*-2 + 30 - 2. Calculate the highest common factor of z and a.
13
Suppose 5*y - 7 - 2 = -u, -3*y = -5*u + 17. Let k be (3 - (u 